{"id":65,"date":"2025-11-07T14:18:21","date_gmt":"2025-11-07T14:18:21","guid":{"rendered":"https:\/\/www.sk8picardie.net\/newftbx\/?page_id=65"},"modified":"2026-01-09T14:17:48","modified_gmt":"2026-01-09T14:17:48","slug":"videos-ftbx","status":"publish","type":"page","link":"https:\/\/www.sk8picardie.net\/newftbx\/videos-ftbx\/","title":{"rendered":"Vid\u00e9os FTBX et Cie"},"content":{"rendered":"\n<div class=\"wp-block-group alignfull\" style=\"margin-top:0;margin-bottom:0;padding-top:var(--wp--preset--spacing--50);padding-right:var(--wp--preset--spacing--50);padding-bottom:var(--wp--preset--spacing--50);padding-left:var(--wp--preset--spacing--50)\"><div class=\"wp-block-group__inner-container is-layout-constrained wp-container-core-group-is-layout-2bafd31c wp-block-group-is-layout-constrained\">\n<div class=\"wp-block-group is-horizontal is-content-justification-center is-layout-flex wp-container-core-group-is-layout-2f0dc101 wp-block-group-is-layout-flex\">\n<h2 class=\"wp-block-heading has-text-align-center has-x-large-font-size\">Vid\u00e9o to skateboard,<br>skateboard to vid\u00e9o<\/h2>\n\n\n\n<p class=\"has-text-align-center\">On y retrouve les sessions, les rdv, les contest, les soir\u00e9es, les rod trips, les concerts, les conneries etc<\/p>\n<\/div>\n\n\n\n<div style=\"height:var(--wp--preset--spacing--30)\" aria-hidden=\"true\" class=\"wp-block-spacer\"><\/div>\n\n\n\n<div class=\"wp-block-columns alignwide is-layout-flex wp-container-core-columns-is-layout-d8280152 wp-block-columns-is-layout-flex\" style=\"padding-right:0;padding-left:0\">\n<div class=\"wp-block-column is-layout-flow wp-block-column-is-layout-flow\">\n<figure class=\"wp-block-image size-full is-style-rounded\"><img loading=\"lazy\" decoding=\"async\" width=\"259\" height=\"194\" src=\"https:\/\/www.sk8picardie.net\/newftbx\/wp-content\/uploads\/2025\/11\/download-1.jpg\" alt=\"\" class=\"wp-image-68\" style=\"aspect-ratio:1;object-fit:cover\"\/><\/figure>\n\n\n\n<div class=\"wp-block-group is-vertical is-content-justification-center is-nowrap is-layout-flex wp-container-core-group-is-layout-8aeacad7 wp-block-group-is-layout-flex\">\n<p class=\"has-text-align-center has-small-font-size\"><strong>Homerbd<\/strong><\/p>\n\n\n\n<p class=\"has-text-align-center has-small-font-size\">Fondateur, Pr\u00e9sident \u00e0 vie<\/p>\n<\/div>\n<\/div>\n\n\n\n<div class=\"wp-block-column is-layout-flow wp-block-column-is-layout-flow\">\n<figure class=\"wp-block-image size-full is-style-rounded\"><img loading=\"lazy\" decoding=\"async\" width=\"194\" height=\"259\" src=\"https:\/\/www.sk8picardie.net\/newftbx\/wp-content\/uploads\/2025\/11\/download-2.jpg\" alt=\"\" class=\"wp-image-66\" style=\"aspect-ratio:1;object-fit:cover\"\/><\/figure>\n\n\n\n<div class=\"wp-block-group is-vertical is-content-justification-center is-nowrap is-layout-flex wp-container-core-group-is-layout-8aeacad7 wp-block-group-is-layout-flex\">\n<p class=\"has-text-align-center has-small-font-size\"><strong>FTBX Magazine<\/strong><\/p>\n\n\n\n<p class=\"has-text-align-center has-small-font-size\">Since 1988<\/p>\n<\/div>\n<\/div>\n\n\n\n<div class=\"wp-block-column is-layout-flow wp-block-column-is-layout-flow\">\n<figure class=\"wp-block-image size-full is-style-rounded\"><img loading=\"lazy\" decoding=\"async\" width=\"299\" height=\"168\" src=\"https:\/\/www.sk8picardie.net\/newftbx\/wp-content\/uploads\/2025\/11\/download.jpg\" alt=\"\" class=\"wp-image-67\" style=\"aspect-ratio:1;object-fit:cover\"\/><\/figure>\n\n\n\n<div class=\"wp-block-group is-vertical is-content-justification-center is-nowrap is-layout-flex wp-container-core-group-is-layout-d7ec9006 wp-block-group-is-layout-flex\">\n<p class=\"has-text-align-center has-small-font-size\"><strong>Les potos<\/strong><\/p>\n\n\n\n<p class=\"has-text-align-center has-small-font-size\">de toutes les g\u00e9n\u00e9rations<\/p>\n<\/div>\n<\/div>\n\n\n\n<div class=\"wp-block-column is-layout-flow wp-block-column-is-layout-flow\">\n<figure class=\"wp-block-image size-full is-style-rounded\"><img loading=\"lazy\" decoding=\"async\" width=\"225\" height=\"225\" src=\"https:\/\/www.sk8picardie.net\/newftbx\/wp-content\/uploads\/2025\/11\/download-6.jpg\" alt=\"\" class=\"wp-image-71\" style=\"aspect-ratio:1;object-fit:cover\" srcset=\"https:\/\/www.sk8picardie.net\/newftbx\/wp-content\/uploads\/2025\/11\/download-6.jpg 225w, https:\/\/www.sk8picardie.net\/newftbx\/wp-content\/uploads\/2025\/11\/download-6-150x150.jpg 150w\" sizes=\"auto, (max-width: 225px) 100vw, 225px\" \/><\/figure>\n\n\n\n<div class=\"wp-block-group is-vertical is-content-justification-center is-nowrap is-layout-flex wp-container-core-group-is-layout-d7ec9006 wp-block-group-is-layout-flex\">\n<p class=\"has-text-align-center has-small-font-size\"><strong>Vieux Skaters de France<\/strong><\/p>\n\n\n\n<p class=\"has-text-align-center has-small-font-size\">Mon complice de la Possj<\/p>\n<\/div>\n<\/div>\n<\/div>\n<\/div><\/div>\n\n\n\n<div class=\"wp-block-group alignfull has-accent-1-background-color has-background\" style=\"margin-top:0;margin-bottom:0;padding-top:var(--wp--preset--spacing--50);padding-right:var(--wp--preset--spacing--50);padding-bottom:var(--wp--preset--spacing--50);padding-left:var(--wp--preset--spacing--50);background-image:url(&apos;https:\/\/www.sk8picardie.net\/newftbx\/wp-content\/uploads\/2025\/11\/ythomerbdplaylisteFTBX-removebg-preview.png&apos;);background-size:cover;\"><div class=\"wp-block-group__inner-container is-layout-constrained wp-container-core-group-is-layout-9cf8f26d wp-block-group-is-layout-constrained\">\n<div class=\"wp-block-columns alignwide is-layout-flex wp-container-core-columns-is-layout-4d397ad4 wp-block-columns-is-layout-flex\">\n<div class=\"wp-block-column is-vertically-aligned-center is-layout-flow wp-block-column-is-layout-flow\" style=\"flex-basis:60%\">\n<figure class=\"wp-block-image size-full is-style-rounded wp-duotone-unset-1\"><img loading=\"lazy\" decoding=\"async\" width=\"259\" height=\"194\" src=\"https:\/\/www.sk8picardie.net\/newftbx\/wp-content\/uploads\/2025\/11\/download-5.jpg\" alt=\"\" class=\"wp-image-69\" style=\"aspect-ratio:4\/3;object-fit:cover\"\/><\/figure>\n<\/div>\n\n\n\n<div class=\"wp-block-column is-layout-flow wp-block-column-is-layout-flow\" style=\"flex-basis:40%\">\n<h2 class=\"wp-block-heading has-accent-3-color has-text-color has-link-color wp-elements-341f87aa47001d9575e0d231217c365e\">YOUTUBE FTBX @homerbd<\/h2>\n\n\n\n<p class=\"has-contrast-color has-text-color has-link-color wp-elements-870d0fcab7e03b4f83493f19a76ce8e5\"><strong>Chez Homerbd Playliste\/mot cl\u00e9<\/strong><\/p>\n\n\n\n<div class=\"wp-block-buttons is-layout-flex wp-block-buttons-is-layout-flex\">\n<div class=\"wp-block-button\"><a class=\"wp-block-button__link wp-element-button\" href=\"https:\/\/www.youtube.com\/@homerbd\/search?query=ftbx\" target=\"_blank\" rel=\"noreferrer noopener\">Youtube FTBX (@Homerbd)<\/a><\/div>\n<\/div>\n<\/div>\n<\/div>\n<\/div><\/div>\n\n\n\n<div class=\"wp-block-group alignfull has-accent-3-background-color has-background\" style=\"margin-top:0;margin-bottom:0;padding-top:var(--wp--preset--spacing--50);padding-right:var(--wp--preset--spacing--50);padding-bottom:var(--wp--preset--spacing--50);padding-left:var(--wp--preset--spacing--50)\"><div class=\"wp-block-group__inner-container is-layout-constrained wp-container-core-group-is-layout-9cf8f26d wp-block-group-is-layout-constrained\">\n<div class=\"wp-block-columns alignwide is-layout-flex wp-container-core-columns-is-layout-4d397ad4 wp-block-columns-is-layout-flex\">\n<div class=\"wp-block-column is-layout-flow wp-block-column-is-layout-flow\" style=\"flex-basis:40%\">\n<h2 class=\"wp-block-heading\">YOUTUBE @FTBX<\/h2>\n\n\n\n<p>Chez Sk8picardieFr Playliste\/mot cl\u00e9<\/p>\n\n\n\n<div class=\"wp-block-buttons is-layout-flex wp-block-buttons-is-layout-flex\">\n<div class=\"wp-block-button\"><a class=\"wp-block-button__link wp-element-button\" href=\"https:\/\/www.youtube.com\/@Sk8picardieFr\/search?query=ftbx\" target=\"_blank\" rel=\"noreferrer noopener\">Youtube FTBX (@sk8picardie)<\/a><\/div>\n<\/div>\n<\/div>\n\n\n\n<div class=\"wp-block-column is-vertically-aligned-center is-layout-flow wp-block-column-is-layout-flow\" style=\"flex-basis:60%\">\n<figure class=\"wp-block-image size-full is-resized is-style-rounded wp-duotone-unset-2\"><img loading=\"lazy\" decoding=\"async\" width=\"259\" height=\"194\" src=\"https:\/\/www.sk8picardie.net\/newftbx\/wp-content\/uploads\/2025\/11\/download-1-1.jpg\" alt=\"\" class=\"wp-image-75\" style=\"aspect-ratio:1.3333333333333333;object-fit:cover;width:328px;height:auto\"\/><\/figure>\n<\/div>\n<\/div>\n<\/div><\/div>\n\n\n\n<div class=\"wp-block-group alignfull has-accent-4-background-color has-background\" style=\"margin-top:0;margin-bottom:0;padding-top:var(--wp--preset--spacing--50);padding-right:var(--wp--preset--spacing--50);padding-bottom:var(--wp--preset--spacing--50);padding-left:var(--wp--preset--spacing--50)\"><div class=\"wp-block-group__inner-container is-layout-constrained wp-container-core-group-is-layout-9cf8f26d wp-block-group-is-layout-constrained\">\n<div class=\"wp-block-columns alignwide is-layout-flex wp-container-core-columns-is-layout-4d397ad4 wp-block-columns-is-layout-flex\">\n<div class=\"wp-block-column is-vertically-aligned-center is-layout-flow wp-block-column-is-layout-flow\" style=\"flex-basis:60%\">\n<figure class=\"wp-block-image size-full is-resized is-style-rounded wp-duotone-unset-3\"><img loading=\"lazy\" decoding=\"async\" width=\"213\" height=\"120\" src=\"https:\/\/www.sk8picardie.net\/newftbx\/wp-content\/uploads\/2025\/11\/x120.jpg\" alt=\"\" class=\"wp-image-76\" style=\"aspect-ratio:1.3333333333333333;object-fit:cover;width:300px\"\/><\/figure>\n<\/div>\n\n\n\n<div class=\"wp-block-column is-layout-flow wp-block-column-is-layout-flow\" style=\"flex-basis:40%\">\n<h2 class=\"wp-block-heading\">DAILYMOTION @FTBX<\/h2>\n\n\n\n<p class=\"has-contrast-color has-text-color has-link-color wp-elements-1566dca3c3f35d2ef7cb843b522342e4\">Chez homerbd <a href=\"https:\/\/www.dailymotion.com\/homerbd\">https:\/\/www.dailymotion.com\/homerbd<\/a><\/p>\n\n\n\n<div class=\"wp-block-buttons is-layout-flex wp-block-buttons-is-layout-flex\">\n<div class=\"wp-block-button\"><a class=\"wp-block-button__link wp-element-button\" href=\"https:\/\/www.dailymotion.com\/playlist\/xdhai\" target=\"_blank\" rel=\"noreferrer noopener\">Dailymotion.com la Playliste FTBX<\/a><\/div>\n<\/div>\n<\/div>\n<\/div>\n<\/div><\/div>\n\n\n\n<h2 class=\"wp-block-heading\">LISTING DES K7 VIDEOS VHS<\/h2>\n\n\n\n<p>Sur archvies<\/p>\n\n\n\n<div class=\"wp-block-columns is-layout-flex wp-container-core-columns-is-layout-9d6595d7 wp-block-columns-is-layout-flex\">\n<div class=\"wp-block-column is-layout-flow wp-block-column-is-layout-flow\">\n<figure class=\"wp-block-image size-full is-resized\"><a href=\"http:\/\/daburon.bernard.free.fr\/skateboard\/ftbxvideos\/ftbxvideos.html\" target=\"_blank\" rel=\" noreferrer noopener\"><img loading=\"lazy\" decoding=\"async\" width=\"198\" height=\"300\" src=\"https:\/\/www.sk8picardie.net\/newftbx\/wp-content\/uploads\/2025\/11\/vignetteArchivesftbx.jpg\" alt=\"\" class=\"wp-image-77\" style=\"width:125px;height:auto\"\/><\/a><\/figure>\n<\/div>\n\n\n\n<div class=\"wp-block-column is-layout-flow wp-block-column-is-layout-flow\">\n<figure class=\"wp-block-image size-full\"><a href=\"http:\/\/daburon.bernard.free.fr\/skateboard\/ftbxvideos\/ftbxvideos.html\" target=\"_blank\" rel=\" noreferrer noopener\"><img loading=\"lazy\" decoding=\"async\" width=\"724\" height=\"457\" src=\"https:\/\/www.sk8picardie.net\/newftbx\/wp-content\/uploads\/2025\/11\/extraitftbxvideos.jpg\" alt=\"\" class=\"wp-image-78\" srcset=\"https:\/\/www.sk8picardie.net\/newftbx\/wp-content\/uploads\/2025\/11\/extraitftbxvideos.jpg 724w, https:\/\/www.sk8picardie.net\/newftbx\/wp-content\/uploads\/2025\/11\/extraitftbxvideos-300x189.jpg 300w\" sizes=\"auto, (max-width: 724px) 100vw, 724px\" \/><\/a><figcaption class=\"wp-element-caption\">a voir sur les archives FTBX<\/figcaption><\/figure>\n<\/div>\n<\/div>\n\n\n\n<hr class=\"wp-block-separator has-alpha-channel-opacity\"\/>\n\n\n\n<hr class=\"wp-block-separator has-text-color has-accent-3-color has-alpha-channel-opacity has-accent-3-background-color has-background is-style-default\"\/>\n\n\n<div class=\"wp-block-image is-style-rounded\">\n<figure class=\"aligncenter size-full is-resized\"><img loading=\"lazy\" decoding=\"async\" width=\"259\" height=\"194\" src=\"https:\/\/www.sk8picardie.net\/newftbx\/wp-content\/uploads\/2025\/11\/download-1.jpg\" alt=\"\" class=\"wp-image-68\" style=\"width:150px;height:150px\"\/><\/figure>\n<\/div>\n\n\n<blockquote class=\"wp-block-quote has-text-align-center is-style-large is-layout-flow wp-block-quote-is-layout-flow\">\n<p class=\"has-accent-5-color has-text-color has-link-color wp-elements-15ee5d1e227e3597d018ee814aae2222\">\u00ab&nbsp;FTBX since longtemps&nbsp;\u00bb<\/p>\n<\/blockquote>\n\n\n\n<hr class=\"wp-block-separator has-css-opacity is-style-default\"\/>\n\n\n\n<p><\/p>\n","protected":false},"excerpt":{"rendered":"<p>Vid\u00e9o to skateboard,skateboard to vid\u00e9o On y retrouve les sessions, les rdv, les contest, les soir\u00e9es, les rod trips, les concerts, les conneries etc Homerbd Fondateur, Pr\u00e9sident \u00e0 vie FTBX Magazine Since 1988 Les potos de toutes les g\u00e9n\u00e9rations Vieux Skaters de France Mon complice de la Possj YOUTUBE FTBX @homerbd Chez Homerbd Playliste\/mot cl\u00e9 [&hellip;]<\/p>\n","protected":false},"author":1,"featured_media":0,"parent":0,"menu_order":0,"comment_status":"closed","ping_status":"closed","template":"","meta":{"footnotes":""},"class_list":["post-65","page","type-page","status-publish","hentry","entry"],"_links":{"self":[{"href":"https:\/\/www.sk8picardie.net\/newftbx\/wp-json\/wp\/v2\/pages\/65","targetHints":{"allow":["GET"]}}],"collection":[{"href":"https:\/\/www.sk8picardie.net\/newftbx\/wp-json\/wp\/v2\/pages"}],"about":[{"href":"https:\/\/www.sk8picardie.net\/newftbx\/wp-json\/wp\/v2\/types\/page"}],"author":[{"embeddable":true,"href":"https:\/\/www.sk8picardie.net\/newftbx\/wp-json\/wp\/v2\/users\/1"}],"replies":[{"embeddable":true,"href":"https:\/\/www.sk8picardie.net\/newftbx\/wp-json\/wp\/v2\/comments?post=65"}],"version-history":[{"count":7,"href":"https:\/\/www.sk8picardie.net\/newftbx\/wp-json\/wp\/v2\/pages\/65\/revisions"}],"predecessor-version":[{"id":138,"href":"https:\/\/www.sk8picardie.net\/newftbx\/wp-json\/wp\/v2\/pages\/65\/revisions\/138"}],"wp:attachment":[{"href":"https:\/\/www.sk8picardie.net\/newftbx\/wp-json\/wp\/v2\/media?parent=65"}],"curies":[{"name":"wp","href":"https:\/\/api.w.org\/{rel}","templated":true}]}}